?
6
Suppose n + 4 - 1 = 0. Let r be (n/9)/(2/(-24)). Suppose 0*m - m = r*s - 165, m = 3*s - 115. What is the tens digit of s?
4
Suppose -14*w = -10355 - 4835. What is the hundreds digit of w?
0
Let j(t) = -13*t - 9. Suppose -s = -4*s + 60. Suppose -5*k + s = -k, 4*y = k - 25. What is the units digit of j(y)?
6
Let w(m) = -m**2 - 10*m - 19. Let p be w(-6). Suppose 4*b = v - 66, -5*b = -5 - p. What is the tens digit of v?
7
Let c = -721 - -1031. What is the hundreds digit of c?
3
Let t = -461 + 941. What is the tens digit of t?
8
Let z(y) = -15*y - 5. What is the units digit of z(-2)?
5
Let i(f) = f**3 + 2*f**2 - 3*f + 4. Let j be i(-3). Let w(d) = -77*d + 284. Let m be w(4). What is the tens digit of -1 - -2 - (m - j)?
2
Let c(w) = -3*w + 0*w + 0*w - 5*w + 5. What is the units digit of c(-3)?
9
Suppose g - 382 - 1519 = -3*a, 2*g - a - 3781 = 0. What is the tens digit of g?
9
Let u = 1885 + -141. What is the units digit of u/28 - 4/14?
2
Let i = 275 - 126. What is the tens digit of i?
4
Suppose -7 = -2*g + 1. Suppose -26 - 6 = -4*k. Suppose -k = g*h, -2*h - 14 = -y - 3*h. What is the units digit of y?
6
Let g = 1 + 8. Suppose 5*m + 175 = 5*p, 3*m + g - 138 = -3*p. What is the tens digit of p?
3
Let d be (-2 + 0)*18*-1. Suppose 3*z - f + 2*f = 10, 4*z - 20 = -3*f. Suppose z*o = -8 + d. What is the tens digit of o?
1
Suppose 0 = -9*a + 13*a + 180. Let y = a + 38. Let l(b) = -11*b - 31. What is the tens digit of l(y)?
4
Suppose -1638 = -3*f - 3*f. What is the hundreds digit of f?
2
Suppose c = 2*c - d - 7, -4*d - 22 = -2*c. Let f be (-4)/(-1) + c - 3. Suppose 32 = -f*v + 88. What is the units digit of v?
4
Let p(k) be the third derivative of k**6/120 - 19*k**5/60 + k**4/24 - 7*k**3/3 + 7*k**2. What is the units digit of p(19)?
5
Let j(h) = -4*h**2 + 13*h + 15. Let d(t) = t**2 - t. Let a(r) = 5*d(r) + j(r). What is the tens digit of a(-12)?
6
Let p = -2614 - -4635. What is the tens digit of p?
2
Suppose 5*z - 39 = 2*i, i = -2*z - 2*z. Let v = i + 16. Suppose j + 96 = v*j + 4*p, 78 = 2*j - 2*p. What is the units digit of j?
6
Let m(c) be the third derivative of 1/2*c**3 - 1/120*c**6 + 0 + 3/20*c**5 + 0*c - 3*c**2 - 1/3*c**4. What is the tens digit of m(7)?
4
Suppose 620 = -2*i - 3*i. Let s = i + 318. What is the hundreds digit of s?
1
Let w be (-36)/126 - 6206/(-14). Suppose w - 1213 = -5*q. What is the hundreds digit of q?
1
Suppose 4*o + 1541 = 3*q, -19*q - 2*o + 497 = -18*q. What is the units digit of q?
7
Suppose 20*l + 6 = 22*l. Let a(p) = 6*p**2 - 3*p + 1. What is the tens digit of a(l)?
4
Let y = 11 + -4. Suppose 69 - 85 = -4*m. Suppose -m*c = -y*c + 18. What is the units digit of c?
6
Let g = 50 - 48. Suppose 294 = 4*l - 5*v, -g*l - 306 = -6*l - v. What is the units digit of l?
6
Let d(r) = -379*r - 1189. What is the hundreds digit of d(-20)?
3
Let m be (32/(-24))/(1/3). What is the units digit of 43 + 1 + 1 + m?
1
Let q be -1*1*1*-1. Let n be ((-44)/77)/((16/(-14))/4). Suppose -n*l = -3 - q. What is the units digit of l?
2
Let v(l) = l**3 - 4*l**2 - 6*l + 9. Let t be v(5). Suppose -t*j = -5*y + 337 + 7, 4*j = -4*y + 268. What is the tens digit of y?
6
Let t = 246 - -166. What is the tens digit of t?
1
Suppose 5*m = 17 + 3. Suppose m*b - 25 = -b. Let h = b + 32. What is the units digit of h?
7
Let w be (-3)/(-3)*-2*3. Let i = w + 9. Suppose 3*q + b - 60 = 0, 6*q - 72 = i*q - 5*b. What is the tens digit of q?
1
Let l(b) = b**2 - 2*b - 3. Let m be l(0). Let i be 0/(9/m + 1). Suppose -86 = -2*t - i*t. What is the tens digit of t?
4
Let j(d) = -d**2 - 10*d + 15. Let f be j(-11). Let i(v) = 4*v + 8. What is the tens digit of i(f)?
2
Let t(o) = 9*o + 41. Let z = 44 + -36. What is the hundreds digit of t(z)?
1
Let p(t) = t**3 + 7*t**2 - 3*t - 6. Let m be p(-6). Suppose b - 13 = -j, 3*b - 7*b + m = 2*j. Let y = b + -1. What is the units digit of y?
0
Let m = 41 - 6. What is the tens digit of (1/2 - 15/(-42))*m?
3
Suppose -2*f = -f + 8. Let z be (-3)/(3*(-1)/(-6)). Let d = z - f. What is the units digit of d?
2
Suppose 5*n - 60 = n + 2*h, -4*n + 68 = 2*h. Let w be ((-24)/n)/((-6)/140). Suppose -2*s - w = -2*u - 119, 5*s + 5*u = 250. What is the tens digit of s?
4
Suppose 30307 + 64009 = 76*u. What is the hundreds digit of u?
2
Suppose q = -5*l + 457, 5*l - 4*l = -4*q + 1733. What is the tens digit of q?
3
Suppose -422*q + 5796 = -418*q. What is the tens digit of q?
4
Let y(t) = 3*t**2 + 65*t - 516. What is the tens digit of y(10)?
3
Let f(o) = -9*o - 1 + o**2 + 7 - 3 + 8. Let u be f(8). Suppose 0 = u*l - 22 - 32. What is the tens digit of l?
1
Let s = 2289 - 1293. What is the tens digit of s/20 + 4/(-5)?
4
Let d = -58 + 65. Let h = d + 107. What is the hundreds digit of h?
1
Let l = 27 + -19. Suppose 6*m - l*m = -8. Suppose -m*i = -5*i + 40. What is the units digit of i?
0
Suppose 0 = -3*r + 756 - 189. Let n = r + -111. Let h = n - 51. What is the tens digit of h?
2
Let j(x) = 1 + x - 2 - 2*x. Let i be j(-7). Suppose 2*f - 4*d - i - 4 = 0, 12 = f + 5*d. What is the units digit of f?
7
Suppose 17 = -p + 13. Let n(o) = -4*o - 14. What is the units digit of n(p)?
2
Let b = -2 - 10. Let q be b/18 - 256/(-6). Suppose -13*d - q = -14*d. What is the units digit of d?
2
What is the units digit of (-8 - 630/(-12))*44?
8
Let i(b) = -b**3 + 12*b**2 - 10*b - 1. Let x = -9 + 13. Suppose x*q - 49 + 7 = -2*y, 2*y + 2 = 0. What is the tens digit of i(q)?
1
Suppose -726 = -2*s + 4*d, 7*s - 4*s - 1099 = 4*d. What is the tens digit of s?
7
Let y be -1 + (4 - 4 - -138). Let i = -67 + y. What is the tens digit of i?
7
Let n = 13 + -10. Let g(l) = 7*l**2 - 4*l - 5. What is the tens digit of g(n)?
4
What is the units digit of (1 - 114 - (-39)/26)*-12?
8
Let z(p) = 1210*p + 90. What is the tens digit of z(1)?
0
Suppose -27*k - 3690 = -5*n - 32*k, 0 = 4*k + 12. What is the hundreds digit of n?
7
What is the units digit of -1 + -1 - (19 + -512)?
1
Let r be (-1*2)/(44/(-4466)). Let a = r - 52. Suppose 0 = 2*y - 4*h + 7 - a, 5*y - 360 = -3*h. What is the units digit of y?
2
Suppose -v - h = 2*h - 8, 0 = 5*v - 5*h - 80. Suppose 4*g - 48 = -5*t, 0*t + 3*t = 5*g + v. Suppose 4 = m - t. What is the tens digit of m?
1
Let r be 102/((30/8)/(-5)). Let u = -123 - r. What is the units digit of u?
3
Let u = 1071 + -1069. Suppose 6*d - d - 10 = 0. Suppose -2*x + 30 = d*j + u*x, j - 15 = -x. What is the tens digit of j?
1
Let i = 25 - 11. Let v(m) = -m**3 + 14*m**2 + 5*m + 7. What is the units digit of v(i)?
7
Let k = 25 - 16. Suppose k = -3*i + 90. What is the units digit of i?
7
Let r = 711 + -252. What is the tens digit of ((-5)/(-15))/(3/r)?
5
Let x(n) = 6*n - 14. Let d(z) = 7*z - 13. Let r(a) = 5*d(a) - 6*x(a). Let q be r(15). Suppose 3*k - 92 = q*p, 4*k + 4*p - 2*p = 86. What is the tens digit of k?
2
Let w be (2/2)/(1/5). Let q = -5 + w. Let n = 8 - q. What is the units digit of n?
8
Let q be 14/(-21) + (-22)/(-6). Suppose w - q*w + 8 = 0. What is the units digit of w?
4
Suppose 2*s + 3*w = 117, -4*s - 13*w + 9*w = -240. What is the units digit of s?
3
Let v = -181 - -271. What is the units digit of (34/(-5))/((-9)/v)?
8
Suppose -6*q = j - 2*q - 47, 4*j + 2*q - 132 = 0. Suppose -19*z + 18*z + j = 0. What is the tens digit of z?
3
Let z(s) = 37*s**2 - 5*s - 2. What is the units digit of z(-2)?
6
Let r = -240 + 982. What is the units digit of r?
2
Suppose -2*t + q = -4*t - 9, t = q - 9. Let s = t - 5. What is the units digit of (2 - 1) + (-4 - s)?
8
Let t(h) = h**2 - 3*h - 8. Let y be t(6). Let n be (60/9)/(y/15). What is the units digit of n/3 + 2/3?
4
Let h be 2/(2/(-19)) + 2. Let a = -15 - h. What is the tens digit of 134/2 - (2 - a)?
6
Suppose 5*y + 7 = 2. Let o be (3 - (-3 - -3)) + y. Suppose 4*q = -3*n + 227, 0*q + o*n = -2*q + 114. What is the units digit of q?
6
Let g = -359 + 929. What is the units digit of g?
0
Let h(d) be the second derivative of d**3/6 - d**2/2 - 3*d. Let i be h(3). Suppose 3*s + s - 128 = -4*y, 0 = -y + i*s + 17. What is the tens digit of y?
2
Let u = -21 - 1. Let j = 48 + u. What is the units digit of j?
6
Let z(g) = 6*g**2 - 3*g - 50. What is the tens digit of z(-10)?
8
Suppose 6 = -2*l + 36. Let d = l - -27. What is the tens digit of d?
4
Let g(t) = 2*t**3 + 43*t**2 + 59*t + 10. What is the tens digit of g(-20)?
3
Suppose -5*o - 1040 = 5*p, -p - 10